 and p?
5
Let p = 4 + -4. Let x = 5 + p. What is the highest common factor of x and 45?
5
Let u(y) = -21 + 3*y**2 - 2*y**2 + 0*y**2 - 9*y + 31. Let l be u(8). Let g = 5 + -1. Calculate the greatest common factor of l and g.
2
Suppose 2*b + b + 3*d = -18, d + 2 = 0. Let w = b - -4. Suppose 6*y - 2*y - 120 = w. What is the highest common factor of 6 and y?
6
Let w be (-3)/7 + 0 - 6356/(-196). Calculate the highest common factor of w and 64.
32
Suppose 3*p - 577 = 4*t, 3*p + 2*t = -t + 549. Calculate the greatest common factor of 17 and p.
17
Suppose 0*s - 60 = -5*s. Suppose 0 = -0*l - 3*l + 12. Suppose 0*h + l*h - 560 = -5*p, -4*h = -p + 88. What is the greatest common factor of p and s?
12
Let n = 57 - 25. Suppose -n = -8*j + 3*j + 4*z, 3*j - 26 = -z. Calculate the greatest common divisor of 16 and j.
8
Let b = -46 - -86. Suppose -3*z = 10 - 55. Suppose -z = -3*y + 15. Calculate the greatest common divisor of b and y.
10
Let b(v) = -v**2 - 8*v + 1. Let y be b(-8). Suppose -7 = -3*s + 14. What is the greatest common factor of y and s?
1
Suppose 0 = -2*v + 5*v + 6. Let r(f) = -f**2 - 4*f - 2. Let m be r(v). Calculate the greatest common factor of 2 and m.
2
Let l(d) = 5*d**2 - 10. Let n be l(6). Calculate the highest common factor of 17 and n.
17
Let h(y) = y**2 - 6*y - 3. Let b be (-2)/(-4)*-1*-18. Let p be h(b). Calculate the greatest common divisor of 6 and p.
6
Let m(k) = -8*k - 17. Let w be m(-7). What is the highest common divisor of 13 and w?
13
Let h(d) = 7*d. Let c be h(2). Calculate the highest common factor of c and 42.
14
Let x be -1*4/4 + 11. Calculate the highest common factor of x and 50.
10
Let l = -15 + 28. What is the greatest common divisor of 117 and l?
13
Let f(z) = z**3 - 9*z**2 + 2*z - 1. Let o be f(9). What is the highest common divisor of 136 and o?
17
Let q = 13 - 7. Suppose 7*i - q = 4*i. Suppose -2*f - i*w = -1 - 9, 3*w - 9 = -f. What is the highest common factor of f and 21?
3
Let j be 2*((-189)/(-6))/7. Calculate the greatest common divisor of 18 and j.
9
Suppose 5*j - 19 - 1 = -g, -4*j + 27 = 3*g. Suppose -3*p = u - 23, 3*p - 48 - 15 = -j*u. What is the greatest common divisor of 10 and u?
10
Suppose 0*p = 3*p - 96. What is the greatest common factor of 80 and p?
16
Let i(o) = 2*o + 26. Let a be i(11). Calculate the highest common factor of 120 and a.
24
Let y(o) = -o**2 + 6*o + 7. Let b be y(6). Let z be 141*3*3/27. Suppose -2*v - 4*i + 241 = 3*v, -v + z = 2*i. What is the highest common divisor of v and b?
7
Let t = -30 - -43. Suppose 5*d - 2 = 13, 170 = 2*g - 4*d. Calculate the greatest common factor of t and g.
13
Suppose 7 = -3*p + 25. Let l(b) = 0*b - 2*b**2 - 4*b - b**2 - 4 + 4*b**2. Let c be l(p). Calculate the highest common divisor of 16 and c.
8
Suppose 0 = -0*a - a + 1. Let d be (25/15)/(a/3). What is the highest common divisor of d and 40?
5
Suppose -3*i + 2*s = -0*i - 43, 37 = 2*i - 3*s. What is the highest common factor of i and 11?
11
Let o be 1/((-4)/36*-3). Calculate the highest common divisor of o and 24.
3
Suppose -14*j = -13*j - 104. Calculate the greatest common factor of j and 13.
13
Suppose 5*z + 93 = 2*y - 0*z, -y - 5*z = -24. Suppose 5*i - 6 = y. Calculate the highest common factor of 63 and i.
9
Suppose 0 = 10*t - 5*t - 145. Calculate the highest common factor of t and 203.
29
Let r(p) = -11*p - 4. Let h be r(-8). Suppose -8*c = -12*c + h. What is the highest common divisor of c and 21?
21
Let j = -105 - -240. Calculate the greatest common divisor of j and 54.
27
Suppose 41 - 51 = -k. What is the greatest common divisor of 15 and k?
5
Suppose 7 + 8 = k - z, k + 5*z + 15 = 0. Suppose -4*c - 4*y + 1 = -55, c + 2*y - k = 0. Suppose c = 3*i - 48. What is the highest common divisor of i and 33?
11
Let h = 11 + -7. Suppose 3*o = 4*o + 3, 3*k - o = 60. Suppose -24 = -2*p + h*u, 0 = -2*p + u + k + 2. Calculate the greatest common factor of 40 and p.
10
Let x(p) = 9*p - 2. Let r be x(2). Let s = -21 + 23. Calculate the highest common divisor of s and r.
2
Suppose -2*y = -3*y - 24. Let w = -12 - y. What is the greatest common factor of 96 and w?
12
Let p(f) = 3*f - 3. Let x be p(2). Suppose 0 = -x*g - 2*m + 12, 7*g - 2*g - 39 = 3*m. Suppose 2*v - 4*v = -8. Calculate the highest common factor of v and g.
2
Let t(j) = -j**3 - j + 5. Let n be t(0). Let x = 41 + -28. Let i = x + -12. What is the greatest common factor of n and i?
1
Let w(s) be the third derivative of s**5/30 + s**4/24 + 5*s**3/6 + 2*s**2. Let u be w(7). What is the highest common divisor of u and 10?
10
Suppose 75 = -g + 6*g. Calculate the highest common factor of 5 and g.
5
Suppose -66 = j - 4*j. What is the highest common factor of j and 242?
22
Let v be (-4)/(-6) - (-5)/15. Let r be (-46)/(-11) - 10/55. Suppose 6*j - 5 = r*s + 3*j, 17 = 2*s + 5*j. Calculate the highest common divisor of v and s.
1
Let m be -93*-4*(-1)/6. Let b = -42 - m. What is the highest common factor of 220 and b?
20
Suppose 4 = -2*y, 3*c + 0*y = y + 482. Let o be (-26)/143 + (-24)/(-11). Suppose 60 = -o*z + 5*z. What is the highest common factor of z and c?
20
Let r(a) = -4*a - 3. Let z be r(-2). Suppose -z*n = d - 4*n - 25, 2*n = -d + 30. Let b be 20/1*(-3)/(-12). What is the highest common factor of d and b?
5
Let i = -66 - -41. Let m = -17 - i. Suppose 3*b - 24 = -0*b. What is the greatest common divisor of b and m?
8
Suppose -168 = -20*u + 12*u. What is the highest common factor of 6 and u?
3
Suppose 0 = 4*h - 179 - 41. Let x be ((-8)/6)/((-4)/6). Suppose -3*o + 10 = x*f, 2*f - 1 = -4*o + 5. What is the greatest common factor of f and h?
11
Let i be 8 + -9 - (-10 + 1). Calculate the greatest common divisor of i and 16.
8
Let j = -24 - -40. Calculate the greatest common divisor of 2 and j.
2
Let f(u) = -u**2 + 5*u + 5. Let v be f(4). What is the highest common factor of v and 207?
9
Suppose d - 64 = 2*y, -3*y + 64 = d - 4*y. Suppose 0 = -q + i + 12, 7 = 4*q - i - 29. What is the highest common divisor of d and q?
8
Suppose -6*h + 4*h = -156. Let j = -33 - -85. What is the highest common divisor of h and j?
26
Let l(g) = -g**2 + 11*g - 8. Let r(t) = 3*t - 6. Let q be r(5). Let c be l(q). What is the highest common divisor of c and 10?
10
Let z(u) = u**3 + u**2 - 2*u + 3. Let o be z(-3). Let b be (-47)/o + 4/(-18). Suppose b*a = 3*a + 108. What is the greatest common factor of a and 6?
6
Let v = -93 + 111. Calculate the highest common factor of 216 and v.
18
Let g be 6/(-4)*(-4 - -2). Let w be 5/(-15) - (-16)/g. What is the highest common divisor of 10 and w?
5
Suppose 3*q + 26 = 5*n, 0 = 2*q + 2*q + 3*n - 4. Let h be (3/q)/((-1)/2). Suppose 45 = 2*l - h. What is the highest common factor of l and 6?
6
Suppose 3*p - 2 = p. Suppose 4*u + p = 21. Calculate the highest common divisor of 55 and u.
5
Let n = -394 - -838. Let d = n + -162. Suppose d = 2*g + 72. What is the greatest common divisor of 15 and g?
15
Let z = -52 + 157. Calculate the greatest common factor of 42 and z.
21
Suppose 0*x = -6*x + 66. What is the highest common factor of x and 44?
11
Let v = 236 - 168. What is the greatest common factor of 17 and v?
17
Let c = 16 - 9. Let m(s) = -s**2 + 10*s - 8. Let v be m(c). Let h = 211 - 68. Calculate the highest common divisor of h and v.
13
Let c = 1503 + -1479. Suppose g = 436 - 172. What is the greatest common factor of g and c?
24
Let v(z) = -3*z - 2. Let u be v(-4). Suppose 5*k - 4*k = 4. Calculate the greatest common divisor of k and u.
2
Suppose -5*j = -5*q + 50, q - 3*j = -0*j + 8. What is the highest common factor of 110 and q?
11
Let a be 3*-1 - (-16)/2. Suppose 4*l = 4*f + 3*l - 15, -4*l + 24 = a*f. What is the greatest common factor of f and 32?
4
Let g be (9 - -2) + (-4 + 5)*-2. Let z be (-3)/((-3)/2) - 0. Suppose -z = -j - j. Calculate the greatest common divisor of j and g.
1
Suppose 2*z = z + 14. Let h = 27 + 38. Let d = h + -37. Calculate the highest common divisor of z and d.
14
Let i be 6 + 1/(-4)*-4. Calculate the highest common factor of i and 7.
7
Let q(n) = -31*n + 6. Let s be q(-3). What is the highest common divisor of 9 and s?
9
Suppose 8*u - 12*u = -36. Suppose 5*t + 4 = 3*t. Let y = t + u. What is the highest common factor of y and 7?
7
Suppose 5*a = -2*o + 35, 2*a = 2*o + 4*a - 44. Suppose 4*q = -q + o. Calculate the great